103
Let q(p) = -p**3 - 6*p**2 + 7*p + 1. Suppose -5*u = n + 32, u = -2*n - 2*u - 29. Let g be q(n). List the prime factors of (g - -24)*(-12)/(-15).
2, 5
Let c(k) = k + 8. Let l(a) = 8*a - 16. Let i(f) = -4*c(f) - 2*l(f). Suppose r - 4*r = 3. List the prime factors of i(r).
2, 5
Let m(h) = 4*h + 3 + 11 + 1. Let n be m(10). Suppose 4*w + w = -10, 0 = d + w - n. List the prime factors of d.
3, 19
Let n be 4 + ((-2)/(-4))/((-1)/2). Suppose -n*h - 3*x = -297, h - 93 = -10*x + 6*x. What are the prime factors of h?
101
Suppose 0 = 2*f - f - 38. Let o = f + -37. Suppose 4*x = 225 - o. What are the prime factors of x?
2, 7
Suppose -3*l + 7*u = 2*u - 10, -l - 3*u + 8 = 0. Suppose 6 = 3*i + l*j, j + j = 0. Suppose -5*f = -18 - i. What are the prime factors of f?
2
Let w(z) = 219*z**2 - 1. Let j(k) = -k**3 - 7*k**2 - k - 8. Let q be j(-7). List the prime factors of w(q).
2, 109
Let i = 1031 + -921. What are the prime factors of i?
2, 5, 11
Let n = -1518 - -3323. What are the prime factors of n?
5, 19
Let c = 15 + -32. What are the prime factors of 1/(-2)*102/c?
3
Suppose 3*o = 3*s + 12, s = 3*o + 2*o - 20. Suppose 4*d = r + 29 + 138, o*r - 20 = 0. List the prime factors of d.
43
List the prime factors of ((-2)/1)/((-20)/17300).
2, 5, 173
Let f = 128 - 59. Let j = -36 + f. Let o = j + -17. What are the prime factors of o?
2
Let n = -23 - -25. Suppose -10 = -4*s - n. What are the prime factors of -1*s/(-4)*134?
67
Suppose 0 = -2*r + 3*o, -3*r + 3*o - 12 = r. Let p(k) = -6*k + 1. Let w(z) = -13*z + 2. Let j(d) = 9*p(d) - 4*w(d). List the prime factors of j(r).
13
Let n be ((-96)/8)/((0 - -2)/6). Let l = n + 124. What are the prime factors of l?
2, 11
Suppose -6*b + 2*b = 60. Let s be (-6)/9*b - -1. Let w(p) = p**2 - 7*p - 14. List the prime factors of w(s).
2, 3, 5
Let i(z) = z**3 + 4*z**2 - z - 2. Let a be i(-4). Let k = 40 - 37. List the prime factors of k - (a + -1)*-1.
2
Suppose -72 = -g - 68. Suppose 0 = -2*q + 5*i + 228, 2*q + g*i = -0*i + 246. List the prime factors of q.
7, 17
Suppose -2*q = 3*q - 5. What are the prime factors of 130 + 12/(-3) + q + 2?
3, 43
Let h(p) = 7*p**3 - 9*p**2 + 17*p - 44. Let i(w) = -11*w**3 + 13*w**2 - 25*w + 65. Let f(a) = 8*h(a) + 5*i(a). What are the prime factors of f(8)?
5
Suppose 0 = -8*t + 10*t - 850. What are the prime factors of t?
5, 17
Suppose 5*i + 4*f = 1160, 0 = -3*i + 4*f - 9*f + 683. What are the prime factors of i?
2, 59
Let z = -2 - -15. Let n = 19 - z. Suppose -4*m + 5*h + 44 = 0, -3*m + n*m + 4*h - 2 = 0. What are the prime factors of m?
2, 3
Let k(d) = -2*d - 5. Let z be k(0). Let h(f) = f**3 - 5*f + 12. Let c be h(z). Let x = -36 - c. What are the prime factors of x?
2, 13
Suppose 0 = -3*c - 2 + 23. Suppose 5*u - 68 = c*u. List the prime factors of (-3)/(u/11 + 3).
3, 11
Let h = -850 - -1535. List the prime factors of h.
5, 137
Suppose 5*u - 3954 = -4*b + 19, 4*b = 5*u - 3997. List the prime factors of u.
797
Let d = 95 - 44. Suppose -10*j - 1 + d = 0. List the prime factors of j.
5
Suppose -2*g = 3*s - 520, -s - 264 - 272 = -2*g. List the prime factors of g.
2, 7, 19
Let t(r) = r**3 + 9*r**2 - 2*r - 12. Suppose 10 - 28 = 2*j. Let p be t(j). List the prime factors of (2 + (-52)/p)*-3.
2, 5
Let i(j) be the second derivative of j**5/20 - j**4/6 - 7*j**3/6 + 2*j**2 + 35*j. What are the prime factors of i(6)?
2, 53
What are the prime factors of (-566)/((-17)/((-51)/18) + -7)?
2, 283
Let p(m) = -m**3 + 8*m**2 - 4*m. Let q(t) = -t**2 + t - 1. Let x(y) = p(y) + 4*q(y). Let w be x(4). What are the prime factors of (123/(-12) + 2)*w?
3, 11
Suppose 20*n = 21*n - 113. Let u = n - 33. What are the prime factors of u?
2, 5
Let j be 3/((2/10)/((-154)/105)). What are the prime factors of 70/(-22) + 3 - 356/j?
2
Let y(p) = 11 + 10 + 0 - 8 + 2*p + 5*p**2. What are the prime factors of y(5)?
2, 37
Let a = -4 + 7. Suppose 4*b + a*c + 13 = 83, -2*b - 5*c = -28. Suppose -g - t = -b, 3*g + t - 47 = 3*t. What are the prime factors of g?
17
Suppose 0 = -9*i + 11*i. Let m be 4 - i/1 - 2. Suppose -m*n - 2*n = -80. List the prime factors of n.
2, 5
Suppose -4*p + 7 = -5. Let u(y) = -p + 1 - 2*y + 0 + 4. List the prime factors of u(-7).
2
List the prime factors of -4 + -1 + (-4 - -912 - 7).
2, 7
Suppose 312 = -0*l + 4*l. Let h = l - 42. List the prime factors of h.
2, 3
Suppose -3*f = 2*f - 4*l + 11, 2*l = 5*f + 13. Let m be 152/6 + f/9. Suppose o - m = 2*d - 0, 5*o + d - 125 = 0. List the prime factors of o.
5
What are the prime factors of (-1390)/(-4)*11/(495/72)?
2, 139
Let n be (-150)/(-20)*5/((-30)/(-8)). Suppose -388 = -4*h - 2*j, -3*j + n = 2*j. What are the prime factors of h?
2, 3
Let j(v) = -4*v + 10. Let q be j(0). Let i(n) = -n**3 + 9*n**2 + 12*n + 18. What are the prime factors of i(q)?
2, 19
Let b be (-30)/(-2)*(-3)/(-9). Suppose 2*v - 34 = -b*k, 0 = 3*v - 4*k - 5 - 46. What are the prime factors of v?
17
What are the prime factors of -8*(405/(-4) - 1)?
2, 409
Suppose -4*f = -21*f + 68. Let s(w) = -w**3 + 10*w**2 - 2*w + 6. What are the prime factors of s(f)?
2, 47
Let h(y) = -y**3 + 7*y**2 - 6*y + 16. Let c be h(6). Suppose -5*u = -c*u + 979. List the prime factors of u.
89
Let x be (-3)/1 - 1/(-1). Let n be (-2)/(-4)*(-8)/x. Suppose -n*m + 5*g + 57 = 0, 0 = 3*g + 2*g + 5. List the prime factors of m.
2, 13
Let y be (-3)/(-4) - 3/4. Suppose -3*g + g = y, 0 = -2*l - 5*g + 14. Suppose 45 = -2*f + l*f. List the prime factors of f.
3
Let f = -754 + 2801. What are the prime factors of f?
23, 89
Suppose 0 = 3*h + 2*w - 1340, 2*h = 7*w - 8*w + 894. List the prime factors of h.
2, 7
What are the prime factors of (0 - -4) + 1422 + 7?
1433
List the prime factors of 3 + 5 - 3 - -881.
2, 443
Suppose -2*v - 7806 = -5*o, -2*v - v - 9 = 0. Suppose 2*c = 7*c - o. List the prime factors of (3/(-12))/((-6)/c).
13
Suppose 75 = 5*x - 5. Suppose -3*b = k - 8, -3*k - 5*b + x = -0*k. Suppose -5 = -k*s + 69. List the prime factors of s.
37
Let v be ((-9)/(-6))/((-2)/(-4)). Let m(d) = d**3 + 0 + d**2 + 12*d - 3*d**2 - 8*d - v. What are the prime factors of m(3)?
2, 3
Suppose 0 = 8*k - 0*k - 256. Suppose k = 4*j - 4*x - 92, 2*j = -3*x + 52. What are the prime factors of j?
29
Let v = 1567 - 888. What are the prime factors of v?
7, 97
Let f(p) = -p**3 - 3*p**2 + 6*p + 11. Suppose 2*g = 5*g + 15. List the prime factors of f(g).
31
Suppose 4*z - 2706 = -218. What are the prime factors of z?
2, 311
Let r = 10 + -7. Let d(y) be the third derivative of y**5/20 + 2*y**3/3 + 4*y**2. What are the prime factors of d(r)?
31
Suppose 0 = -0*r + 4*r. Suppose 5*v = v - 5*g + 10, 4*v - g + 2 = r. Suppose 3*y - 57 - 18 = v. List the prime factors of y.
5
Let z be (-410)/70 - (-2)/(-14). Let j = 9 + -6. Let f = j - z. List the prime factors of f.
3
Suppose 0 = -15*a + 3*a + 60. Suppose -2*g = 5*q - 13, 3*g = 4*q - g - 16. List the prime factors of a - (q + 0) - -3.
5
Suppose -2*a = 2*h - 2464, 2440 = 2*h - 4*a - 0*a. What are the prime factors of h?
2, 307
Let r = 198 + -114. Suppose 3*q + 0*x = -3*x + r, 5*q = -4*x + 139. Suppose q = 2*b - 19. List the prime factors of b.
23
Let h(k) = -k**2 - 5*k - 2. Let r be h(0). List the prime factors of -1*17/r*10.
5, 17
Suppose 2*l - 9 = -3. Suppose 2*a - 64 = -5*j + 3*a, 0 = j + l*a. Let q = -10 + j. List the prime factors of q.
2
List the prime factors of ((-263)/(-2) + -7)/(6/8).
2, 83
Let s = 49 + -18. Let p = 50 - s. List the prime factors of p.
19
Let q(a) = 83*a - 81. What are the prime factors of q(9)?
2, 3, 37
Let a = 15 - 13. What are the prime factors of ((-42876)/42)/(-6) - a/14?
2, 5, 17
Suppose -7*y = -4871 + 1777. List the prime factors of y.
2, 13, 17
Let z be (-1)/3 - 2/(-6). Suppose z*s = 2*s + 12. Let t(g) = g**2 + 4*g + 6. What are the prime factors of t(s)?
2, 3
Let u(m) = 12*m + 85. What are the prime factors of u(3)?
11
Let p be (-1)/(-3)*24/2. Suppose 2*q - 71 = 5*n - 803, -608 = -p*n - 4*q. What are the prime factors of n?
2, 37
Let b(c) = 3*c**3 - 11*c**2 - 4*c + 8. List the prime factors of b(8).
2, 101
Let l = -9771 + 13816. List the prime factors of l.
5, 809
What are the prime factors of (32/(-96) + (-2)/(-3))*141?
47
Suppose u + 372 = 3*o, -5*o = 3*u + 324 - 944. Suppose 3*y - o = 56. Suppose -3*z + y = -4*s, -4*z + 0*s = 5*s - 49. List the prime factors of z.
2
Let n = 351 + 480.